{"id":10,"date":"2025-03-31T19:34:14","date_gmt":"2025-03-31T17:34:14","guid":{"rendered":"http:\/\/www.debeaulieu.fr\/?page_id=10"},"modified":"2026-04-09T20:57:03","modified_gmt":"2026-04-09T18:57:03","slug":"webdesign-e-commerce","status":"publish","type":"page","link":"https:\/\/www.debeaulieu.fr\/index.php\/webdesign-e-commerce\/","title":{"rendered":"Webdesign, e.commerce"},"content":{"rendered":"\n<ul class=\"wp-block-list\">\n<li class=\"has-background\" style=\"background-color:#e0e2f6\">Vous g\u00e9rez une marque de mode ou de design ? vous n&#8217;avez pas de e.commerce ? ou il n&#8217;est pas traduit ? <\/li>\n\n\n\n<li class=\"has-background\" style=\"background-color:#e0e2f6\">Vous ne vendez d\u00e9j\u00e0 en ligne, mais les r\u00e9sultats sont d\u00e9cevants ? Vous sous-exploitez sans le savoir les canaux de trafic et l&#8217;ergonomie de votre site ? <\/li>\n\n\n\n<li class=\"has-background\" style=\"background-color:#e0e2f6\">Ne cherchez pas plus loin, je vais r\u00e9aliser <strong>un audit offert<\/strong>, optimiser ce qui est n\u00e9cessaire, et <strong>booster vos ventes <\/strong>!<br>  <\/li>\n<\/ul>\n\n\n\n<h2 class=\"wp-block-heading has-header-gradient-color has-text-color\"><strong>1. Audit offert de votre site <\/strong><\/h2>\n\n\n\n<p>Nous vous proposons un audit complet de votre site web et de votre r\u00e9f\u00e9rencement (valeur 300\u20ac) <\/p>\n\n\n\n<ul class=\"wp-block-list\">\n<li>votre r\u00e9f\u00e9rencement naturel<\/li>\n\n\n\n<li>l&#8217;ergonomie de votre site, conversion<\/li>\n\n\n\n<li>vos r\u00e9seaux sociaux, votre e.r\u00e9putation<\/li>\n\n\n\n<li>s\u00e9curit\u00e9 piratage, optimisation serveur<\/li>\n<\/ul>\n\n\n\n<p>Ainsi vous saurez enfin exactement quelles pistes am\u00e9liorer. <\/p>\n\n\n\n<h2 class=\"wp-block-heading has-header-gradient-color has-text-color\"><strong>2. Optimisation de votre site<\/strong><\/h2>\n\n\n\n<p>Nous vous ferons une proposition d\u00e9taill\u00e9e et pr\u00e9cise en nombre de jours d&#8217;intervention. Votre site sera mieux r\u00e9f\u00e9renc\u00e9, plus rapide et aura plus de trafic et de ventes. Nous pouvons optimiser entre autre :<\/p>\n\n\n\n<ul class=\"wp-block-list\">\n<li>la fid\u00e9lisation par des codes promos<\/li>\n\n\n\n<li>les automation et relances paniers<\/li>\n\n\n\n<li>les ventes priv\u00e9es et ventes flash<\/li>\n\n\n\n<li>le calendrier commercial et les budgets optimis\u00e9s<\/li>\n\n\n\n<li>pr\u00e9voir les \u00e9v\u00e9nements pour l&#8217;ann\u00e9e<\/li>\n\n\n\n<li>la gestion du stock et des commandes centralis\u00e9e de vos points de vente <\/li>\n\n\n\n<li>un site et un serveur s\u00e9curis\u00e9 et plus rapide<\/li>\n\n\n\n<li>acc\u00e8s et commandes BtoB pour les revendeurs<\/li>\n\n\n\n<li>traduction du site en plusieurs langues<\/li>\n<\/ul>\n\n\n\n<h2 class=\"wp-block-heading has-header-gradient-color has-text-color\"><strong>3.   Community manager (mensuel)<\/strong><\/h2>\n\n\n\n<ul class=\"wp-block-list\">\n<li><strong> <\/strong>mise \u00e0 jour S\u00e9curit\u00e9 serveur<\/li>\n\n\n\n<li>relance du r\u00e9f\u00e9rencement naturel,<\/li>\n\n\n\n<li>4 posts par mois sur facebook et instagram<\/li>\n\n\n\n<li>gestion des campagnes cibl\u00e9es sur google, facebook et instagram<\/li>\n\n\n\n<li>bilan statistique mensuel<\/li>\n\n\n\n<li>4 posts par mois sur facebook et insta<\/li>\n\n\n\n<li>une newsletter par mois \u00e0 une liste qualifi\u00e9e de 300 000 personnes<\/li>\n\n\n\n<li>veille de 3 concurrents et e.r\u00e9putation,<\/li>\n\n\n\n<li>fid\u00e9lisation par des codes promos, relances paniers<\/li>\n\n\n\n<li>web to store, g\u00e9olocalisation et trafic vers vos magasins<\/li>\n\n\n\n<li>connection aux marketplace (amazon cdiscount sarenza &#8230;)<\/li>\n\n\n\n<li>jeux concours sur les r\u00e9seaux sociaux<\/li>\n<\/ul>\n\n\n\n<div style=\"height:12px\" aria-hidden=\"true\" class=\"wp-block-spacer\"><\/div>\n\n\n\n<h2 class=\"wp-block-heading has-header-gradient-color has-text-color\"><strong>Mes r\u00e9f\u00e9rences<\/strong><\/h2>\n\n\n\n<p>Ma meilleure r\u00e9f\u00e9rence, ma propre marque : <a href=\"http:\/\/www.aliceetnico.com\" target=\"_blank\" rel=\"noopener\" title=\"\">www.<strong>aliceetnico.<\/strong>com<\/a>.  Et ceux de mes clients : <\/p>\n\n\n\n<figure class=\"wp-block-gallery has-nested-images columns-default is-cropped wp-block-gallery-1 is-layout-flex wp-block-gallery-is-layout-flex\">\n<figure class=\"wp-block-image size-large\"><img loading=\"lazy\" decoding=\"async\" width=\"598\" height=\"1024\" data-id=\"215\" src=\"https:\/\/www.debeaulieu.fr\/wp-content\/uploads\/2025\/08\/bodyminute.com-2018-02-21-11-05-30-598x1024.png\" alt=\"\" class=\"wp-image-215\" srcset=\"https:\/\/www.debeaulieu.fr\/wp-content\/uploads\/2025\/08\/bodyminute.com-2018-02-21-11-05-30-598x1024.png 598w, https:\/\/www.debeaulieu.fr\/wp-content\/uploads\/2025\/08\/bodyminute.com-2018-02-21-11-05-30-175x300.png 175w, https:\/\/www.debeaulieu.fr\/wp-content\/uploads\/2025\/08\/bodyminute.com-2018-02-21-11-05-30-768x1316.png 768w, https:\/\/www.debeaulieu.fr\/wp-content\/uploads\/2025\/08\/bodyminute.com-2018-02-21-11-05-30-897x1536.png 897w, https:\/\/www.debeaulieu.fr\/wp-content\/uploads\/2025\/08\/bodyminute.com-2018-02-21-11-05-30-1195x2048.png 1195w, https:\/\/www.debeaulieu.fr\/wp-content\/uploads\/2025\/08\/bodyminute.com-2018-02-21-11-05-30.png 1346w\" sizes=\"auto, (max-width: 598px) 100vw, 598px\" \/><\/figure>\n\n\n\n<figure class=\"wp-block-image size-large\"><img loading=\"lazy\" decoding=\"async\" width=\"675\" height=\"1024\" data-id=\"214\" src=\"https:\/\/www.debeaulieu.fr\/wp-content\/uploads\/2025\/08\/Abkonnect--675x1024.png\" alt=\"\" class=\"wp-image-214\" srcset=\"https:\/\/www.debeaulieu.fr\/wp-content\/uploads\/2025\/08\/Abkonnect--675x1024.png 675w, https:\/\/www.debeaulieu.fr\/wp-content\/uploads\/2025\/08\/Abkonnect--198x300.png 198w, https:\/\/www.debeaulieu.fr\/wp-content\/uploads\/2025\/08\/Abkonnect-.png 707w\" sizes=\"auto, (max-width: 675px) 100vw, 675px\" \/><\/figure>\n\n\n\n<figure class=\"wp-block-image size-large\"><img loading=\"lazy\" decoding=\"async\" width=\"1024\" height=\"928\" data-id=\"216\" src=\"https:\/\/www.debeaulieu.fr\/wp-content\/uploads\/2025\/08\/jm-motor-1024x928.png\" alt=\"\" class=\"wp-image-216\" srcset=\"https:\/\/www.debeaulieu.fr\/wp-content\/uploads\/2025\/08\/jm-motor-1024x928.png 1024w, https:\/\/www.debeaulieu.fr\/wp-content\/uploads\/2025\/08\/jm-motor-300x272.png 300w, https:\/\/www.debeaulieu.fr\/wp-content\/uploads\/2025\/08\/jm-motor-768x696.png 768w, https:\/\/www.debeaulieu.fr\/wp-content\/uploads\/2025\/08\/jm-motor.png 1079w\" sizes=\"auto, (max-width: 1024px) 100vw, 1024px\" \/><\/figure>\n\n\n\n<figure class=\"wp-block-image size-large\"><img loading=\"lazy\" decoding=\"async\" width=\"437\" height=\"1024\" data-id=\"218\" src=\"https:\/\/www.debeaulieu.fr\/wp-content\/uploads\/2025\/08\/auque-et-vong-437x1024.png\" alt=\"\" class=\"wp-image-218\" srcset=\"https:\/\/www.debeaulieu.fr\/wp-content\/uploads\/2025\/08\/auque-et-vong-437x1024.png 437w, https:\/\/www.debeaulieu.fr\/wp-content\/uploads\/2025\/08\/auque-et-vong-128x300.png 128w, https:\/\/www.debeaulieu.fr\/wp-content\/uploads\/2025\/08\/auque-et-vong.png 488w\" sizes=\"auto, (max-width: 437px) 100vw, 437px\" \/><\/figure>\n\n\n\n<figure class=\"wp-block-image size-large\"><img loading=\"lazy\" decoding=\"async\" width=\"715\" height=\"831\" data-id=\"219\" src=\"https:\/\/www.debeaulieu.fr\/wp-content\/uploads\/2025\/08\/L-art-Du-Coton-Copie.png\" alt=\"\" class=\"wp-image-219\" srcset=\"https:\/\/www.debeaulieu.fr\/wp-content\/uploads\/2025\/08\/L-art-Du-Coton-Copie.png 715w, https:\/\/www.debeaulieu.fr\/wp-content\/uploads\/2025\/08\/L-art-Du-Coton-Copie-258x300.png 258w\" sizes=\"auto, (max-width: 715px) 100vw, 715px\" \/><\/figure>\n\n\n\n<figure class=\"wp-block-image size-large\"><img loading=\"lazy\" decoding=\"async\" width=\"555\" height=\"1003\" data-id=\"221\" src=\"https:\/\/www.debeaulieu.fr\/wp-content\/uploads\/2025\/08\/Natasha-Farina.png\" alt=\"\" class=\"wp-image-221\" srcset=\"https:\/\/www.debeaulieu.fr\/wp-content\/uploads\/2025\/08\/Natasha-Farina.png 555w, https:\/\/www.debeaulieu.fr\/wp-content\/uploads\/2025\/08\/Natasha-Farina-166x300.png 166w\" sizes=\"auto, (max-width: 555px) 100vw, 555px\" \/><\/figure>\n\n\n\n<figure class=\"wp-block-image size-large\"><img loading=\"lazy\" decoding=\"async\" width=\"664\" height=\"960\" data-id=\"213\" src=\"https:\/\/www.debeaulieu.fr\/wp-content\/uploads\/2025\/08\/nutrition-optimum.png\" alt=\"\" class=\"wp-image-213\" srcset=\"https:\/\/www.debeaulieu.fr\/wp-content\/uploads\/2025\/08\/nutrition-optimum.png 664w, https:\/\/www.debeaulieu.fr\/wp-content\/uploads\/2025\/08\/nutrition-optimum-208x300.png 208w\" sizes=\"auto, (max-width: 664px) 100vw, 664px\" \/><\/figure>\n\n\n\n<figure class=\"wp-block-image size-large\"><img loading=\"lazy\" decoding=\"async\" width=\"502\" height=\"885\" data-id=\"210\" src=\"https:\/\/www.debeaulieu.fr\/wp-content\/uploads\/2025\/08\/negocieplus-53-55.png\" alt=\"\" class=\"wp-image-210\" srcset=\"https:\/\/www.debeaulieu.fr\/wp-content\/uploads\/2025\/08\/negocieplus-53-55.png 502w, https:\/\/www.debeaulieu.fr\/wp-content\/uploads\/2025\/08\/negocieplus-53-55-170x300.png 170w\" sizes=\"auto, (max-width: 502px) 100vw, 502px\" \/><\/figure>\n\n\n\n<figure class=\"wp-block-image size-large\"><img loading=\"lazy\" decoding=\"async\" width=\"863\" height=\"681\" data-id=\"209\" src=\"https:\/\/www.debeaulieu.fr\/wp-content\/uploads\/2025\/08\/Donegan-2.jpg\" alt=\"\" class=\"wp-image-209\" srcset=\"https:\/\/www.debeaulieu.fr\/wp-content\/uploads\/2025\/08\/Donegan-2.jpg 863w, https:\/\/www.debeaulieu.fr\/wp-content\/uploads\/2025\/08\/Donegan-2-300x237.jpg 300w, https:\/\/www.debeaulieu.fr\/wp-content\/uploads\/2025\/08\/Donegan-2-768x606.jpg 768w\" sizes=\"auto, (max-width: 863px) 100vw, 863px\" \/><\/figure>\n\n\n\n<figure class=\"wp-block-image size-large\"><img loading=\"lazy\" decoding=\"async\" width=\"960\" height=\"675\" data-id=\"207\" src=\"https:\/\/www.debeaulieu.fr\/wp-content\/uploads\/2025\/08\/delphe.jpg\" alt=\"\" class=\"wp-image-207\" srcset=\"https:\/\/www.debeaulieu.fr\/wp-content\/uploads\/2025\/08\/delphe.jpg 960w, https:\/\/www.debeaulieu.fr\/wp-content\/uploads\/2025\/08\/delphe-300x211.jpg 300w, https:\/\/www.debeaulieu.fr\/wp-content\/uploads\/2025\/08\/delphe-768x540.jpg 768w\" sizes=\"auto, (max-width: 960px) 100vw, 960px\" \/><\/figure>\n\n\n\n<figure class=\"wp-block-image size-large\"><img loading=\"lazy\" decoding=\"async\" width=\"716\" height=\"1024\" data-id=\"211\" src=\"https:\/\/www.debeaulieu.fr\/wp-content\/uploads\/2025\/08\/iodeco3-716x1024.jpg\" alt=\"\" class=\"wp-image-211\" srcset=\"https:\/\/www.debeaulieu.fr\/wp-content\/uploads\/2025\/08\/iodeco3-716x1024.jpg 716w, https:\/\/www.debeaulieu.fr\/wp-content\/uploads\/2025\/08\/iodeco3-210x300.jpg 210w, https:\/\/www.debeaulieu.fr\/wp-content\/uploads\/2025\/08\/iodeco3-768x1098.jpg 768w, https:\/\/www.debeaulieu.fr\/wp-content\/uploads\/2025\/08\/iodeco3.jpg 947w\" sizes=\"auto, (max-width: 716px) 100vw, 716px\" \/><\/figure>\n\n\n\n<figure class=\"wp-block-image size-large\"><img loading=\"lazy\" decoding=\"async\" width=\"996\" height=\"1024\" data-id=\"223\" src=\"https:\/\/www.debeaulieu.fr\/wp-content\/uploads\/2025\/08\/clubde-coaching.com-21-996x1024.png\" alt=\"\" class=\"wp-image-223\" srcset=\"https:\/\/www.debeaulieu.fr\/wp-content\/uploads\/2025\/08\/clubde-coaching.com-21-996x1024.png 996w, https:\/\/www.debeaulieu.fr\/wp-content\/uploads\/2025\/08\/clubde-coaching.com-21-292x300.png 292w, https:\/\/www.debeaulieu.fr\/wp-content\/uploads\/2025\/08\/clubde-coaching.com-21-768x790.png 768w, https:\/\/www.debeaulieu.fr\/wp-content\/uploads\/2025\/08\/clubde-coaching.com-21.png 1049w\" sizes=\"auto, (max-width: 996px) 100vw, 996px\" \/><\/figure>\n\n\n\n<figure class=\"wp-block-image size-large\"><img loading=\"lazy\" decoding=\"async\" width=\"611\" height=\"828\" data-id=\"217\" src=\"https:\/\/www.debeaulieu.fr\/wp-content\/uploads\/2025\/08\/philippe-bouncer-jardins.com-.png\" alt=\"\" class=\"wp-image-217\" srcset=\"https:\/\/www.debeaulieu.fr\/wp-content\/uploads\/2025\/08\/philippe-bouncer-jardins.com-.png 611w, https:\/\/www.debeaulieu.fr\/wp-content\/uploads\/2025\/08\/philippe-bouncer-jardins.com--221x300.png 221w\" sizes=\"auto, (max-width: 611px) 100vw, 611px\" \/><\/figure>\n\n\n\n<figure class=\"wp-block-image size-large\"><img loading=\"lazy\" decoding=\"async\" width=\"767\" height=\"481\" data-id=\"208\" src=\"https:\/\/www.debeaulieu.fr\/wp-content\/uploads\/2025\/08\/Pret-pour-partir.jpg\" alt=\"\" class=\"wp-image-208\" srcset=\"https:\/\/www.debeaulieu.fr\/wp-content\/uploads\/2025\/08\/Pret-pour-partir.jpg 767w, https:\/\/www.debeaulieu.fr\/wp-content\/uploads\/2025\/08\/Pret-pour-partir-300x188.jpg 300w\" sizes=\"auto, (max-width: 767px) 100vw, 767px\" \/><\/figure>\n\n\n\n<figure class=\"wp-block-image size-large\"><img loading=\"lazy\" decoding=\"async\" width=\"785\" height=\"1024\" data-id=\"212\" src=\"https:\/\/www.debeaulieu.fr\/wp-content\/uploads\/2025\/08\/topscooter2-785x1024.jpg\" alt=\"\" class=\"wp-image-212\" srcset=\"https:\/\/www.debeaulieu.fr\/wp-content\/uploads\/2025\/08\/topscooter2-785x1024.jpg 785w, https:\/\/www.debeaulieu.fr\/wp-content\/uploads\/2025\/08\/topscooter2-230x300.jpg 230w, https:\/\/www.debeaulieu.fr\/wp-content\/uploads\/2025\/08\/topscooter2-768x1002.jpg 768w, https:\/\/www.debeaulieu.fr\/wp-content\/uploads\/2025\/08\/topscooter2-1177x1536.jpg 1177w, https:\/\/www.debeaulieu.fr\/wp-content\/uploads\/2025\/08\/topscooter2.jpg 1298w\" sizes=\"auto, (max-width: 785px) 100vw, 785px\" \/><\/figure>\n\n\n\n<figure class=\"wp-block-image size-large\"><img loading=\"lazy\" decoding=\"async\" width=\"936\" height=\"1024\" data-id=\"220\" src=\"https:\/\/www.debeaulieu.fr\/wp-content\/uploads\/2025\/08\/viacosmetics-936x1024.png\" alt=\"\" class=\"wp-image-220\" srcset=\"https:\/\/www.debeaulieu.fr\/wp-content\/uploads\/2025\/08\/viacosmetics-936x1024.png 936w, https:\/\/www.debeaulieu.fr\/wp-content\/uploads\/2025\/08\/viacosmetics-274x300.png 274w, https:\/\/www.debeaulieu.fr\/wp-content\/uploads\/2025\/08\/viacosmetics-768x840.png 768w, https:\/\/www.debeaulieu.fr\/wp-content\/uploads\/2025\/08\/viacosmetics.png 1304w\" sizes=\"auto, (max-width: 936px) 100vw, 936px\" \/><\/figure>\n\n\n\n<figure class=\"wp-block-image size-large\"><img loading=\"lazy\" decoding=\"async\" width=\"968\" height=\"1024\" data-id=\"222\" src=\"https:\/\/www.debeaulieu.fr\/wp-content\/uploads\/2025\/08\/RTR-regie-tele-regions-968x1024.png\" alt=\"\" class=\"wp-image-222\" srcset=\"https:\/\/www.debeaulieu.fr\/wp-content\/uploads\/2025\/08\/RTR-regie-tele-regions-968x1024.png 968w, https:\/\/www.debeaulieu.fr\/wp-content\/uploads\/2025\/08\/RTR-regie-tele-regions-284x300.png 284w, https:\/\/www.debeaulieu.fr\/wp-content\/uploads\/2025\/08\/RTR-regie-tele-regions-768x812.png 768w, https:\/\/www.debeaulieu.fr\/wp-content\/uploads\/2025\/08\/RTR-regie-tele-regions.png 1349w\" sizes=\"auto, (max-width: 968px) 100vw, 968px\" \/><\/figure>\n\n\n\n<figure class=\"wp-block-image size-large\"><img loading=\"lazy\" decoding=\"async\" width=\"511\" height=\"642\" data-id=\"224\" src=\"https:\/\/www.debeaulieu.fr\/wp-content\/uploads\/2025\/08\/bodyminute-p.jpg\" alt=\"\" class=\"wp-image-224\" srcset=\"https:\/\/www.debeaulieu.fr\/wp-content\/uploads\/2025\/08\/bodyminute-p.jpg 511w, https:\/\/www.debeaulieu.fr\/wp-content\/uploads\/2025\/08\/bodyminute-p-239x300.jpg 239w\" sizes=\"auto, (max-width: 511px) 100vw, 511px\" \/><\/figure>\n<\/figure>\n\n\n\n<p>  <br><strong>Toutes mes r\u00e9f\u00e9rences<\/strong> :<br> <a href=\"http:\/\/www.vanessatoffoli.fr\/\" target=\"_blank\" rel=\"noreferrer noopener\">Vanessa Toffoli th\u00e9rapeute<\/a> &#8211; <a href=\"http:\/\/www.debatlab.org\" target=\"_blank\" rel=\"noreferrer noopener\">DebatLab<\/a> &#8211; <a href=\"http:\/\/www.gestionslocales.fr\" target=\"_blank\" rel=\"noreferrer noopener\">Gestions locales<\/a> &#8211; <a href=\"http:\/\/www.pinet-industrie.com\" target=\"_blank\" rel=\"noreferrer noopener\">Pinet industrie<\/a> &#8211; <a href=\"http:\/\/www.bodyminute.com\" target=\"_blank\" rel=\"noreferrer noopener\">Body minute<\/a> &#8211; <a href=\"https:\/\/philippe-bouncer-jardins.com\/\" target=\"_blank\" rel=\"noreferrer noopener\">Bouncer jardins<\/a> &#8211; <a href=\"https:\/\/www.clouzot.org\/\" target=\"_blank\" rel=\"noreferrer noopener\">Myst\u00e8re Clouzot<\/a> &#8211;<a href=\"http:\/\/www.passionhistoire.com\/\" target=\"_blank\" rel=\"noreferrer noopener\">Passion Histoire<\/a> &#8211; <a href=\"http:\/\/www.tremiti.fr\" target=\"_blank\" rel=\"noreferrer noopener\">Tremiti<\/a> &#8211; <a href=\"http:\/\/www.jmmotors.fr\" target=\"_blank\" rel=\"noreferrer noopener\">JM motors<\/a> &#8211;<a href=\"https:\/\/pretpourpartir.fr\/\" target=\"_blank\" rel=\"noreferrer noopener\">Pr\u00eat pour partir<\/a> -RTR pub &#8211; AB connect &#8211; <a href=\"https:\/\/www.voyage-marathon.fr\/\" target=\"_blank\" rel=\"noreferrer noopener\">Voyage marathon<\/a> &#8211; iodeco &#8211; <a href=\"https:\/\/www.auque-vong.com\/\" target=\"_blank\" rel=\"noreferrer noopener\">Auque &amp; vong<\/a> &#8211; Natacha Farina bijoux &#8211; <a href=\"https:\/\/delphes.paris\/\" target=\"_blank\" rel=\"noreferrer noopener\">Delphe bijoux<\/a> &#8211; Top scooter &#8211; <a href=\"https:\/\/www.logarchitecture.fr\/\" target=\"_blank\" rel=\"noreferrer noopener\">LOG architecture<\/a> &#8211; club de coaching &#8211; Donegan &#8211; <a href=\"http:\/\/www.pfenergy.fr\" target=\"_blank\" rel=\"noreferrer noopener\">PFenergy<\/a> &#8211; L&#8217;art du coton &#8211; .<a href=\"https:\/\/www.universgraphique.com\/\" target=\"_blank\" rel=\"noreferrer noopener\">universgraphique.<\/a> &#8211; <a href=\"https:\/\/www.negocieplus.com\/\" target=\"_blank\" rel=\"noreferrer noopener\">negocieplus.<\/a><br><\/p>\n\n\n\n<div style=\"height:100px\" aria-hidden=\"true\" class=\"wp-block-spacer\"><\/div>\n","protected":false},"excerpt":{"rendered":"<p>1. Audit offert de votre site Nous vous proposons un audit complet de votre site web et de votre r\u00e9f\u00e9rencement (valeur 300\u20ac) Ainsi vous saurez enfin exactement quelles pistes am\u00e9liorer. 2. Optimisation de votre site Nous vous ferons une proposition d\u00e9taill\u00e9e et pr\u00e9cise en nombre de jours d&#8217;intervention. Votre site [&hellip;]<\/p>\n","protected":false},"author":1,"featured_media":0,"parent":0,"menu_order":0,"comment_status":"closed","ping_status":"closed","template":"page-templates\/template-fullwidth.php","meta":{"footnotes":""},"class_list":["post-10","page","type-page","status-publish","hentry"],"aioseo_notices":[],"_links":{"self":[{"href":"https:\/\/www.debeaulieu.fr\/index.php\/wp-json\/wp\/v2\/pages\/10","targetHints":{"allow":["GET"]}}],"collection":[{"href":"https:\/\/www.debeaulieu.fr\/index.php\/wp-json\/wp\/v2\/pages"}],"about":[{"href":"https:\/\/www.debeaulieu.fr\/index.php\/wp-json\/wp\/v2\/types\/page"}],"author":[{"embeddable":true,"href":"https:\/\/www.debeaulieu.fr\/index.php\/wp-json\/wp\/v2\/users\/1"}],"replies":[{"embeddable":true,"href":"https:\/\/www.debeaulieu.fr\/index.php\/wp-json\/wp\/v2\/comments?post=10"}],"version-history":[{"count":4,"href":"https:\/\/www.debeaulieu.fr\/index.php\/wp-json\/wp\/v2\/pages\/10\/revisions"}],"predecessor-version":[{"id":355,"href":"https:\/\/www.debeaulieu.fr\/index.php\/wp-json\/wp\/v2\/pages\/10\/revisions\/355"}],"wp:attachment":[{"href":"https:\/\/www.debeaulieu.fr\/index.php\/wp-json\/wp\/v2\/media?parent=10"}],"curies":[{"name":"wp","href":"https:\/\/api.w.org\/{rel}","templated":true}]}}